. What is x(o)?
3
Let f(q) be the third derivative of q**5/6 + q**4/24 - q**3/6 - 3087*q**2. Let n be 4/(-6)*(-3)/2. Calculate f(n).
10
Let f = -6 - -8. Let r(s) = -s**f + 5*s**2 - 4*s**2 - s**2 - s. Let v be (5/(-3) - 1) + 32/48. Calculate r(v).
-2
Let p(f) = -f**3 + f**2 + 2*f - 12. Let n be (-140)/(-44) + 44/(-242). Let c be n*18/(-297) - 8/(-44). Give p(c).
-12
Let k(i) be the second derivative of i**4/12 + 4*i**3/3 + 9*i**2/2 - 17*i + 6. Let z be (-3)/(-2)*14/21. Suppose 0 = -5*o, -5 = s + 2*o + z. Calculate k(s).
-3
Let j be ((-52)/12 + 3)*-6. Suppose -j = -5*b + 2. Let y(n) = 5 - 8*n + 2 + n**b + 1 - 10. Give y(8).
-2
Let j(k) be the third derivative of k**4/24 + 23*k**3/6 - 551*k**2. Give j(-11).
12
Let u = -25849 + 25849. Let k(o) be the second derivative of 33*o - 1/3*o**3 + u + o**2. Calculate k(-5).
12
Let d(w) be the second derivative of -w**5/10 - 7*w**4/12 + w**3/6 + w**2 - 2672*w + 2. Give d(-3).
-10
Let a(v) = v**3 - 15*v**2 + 24*v + 47. Suppose 5*o - 5*h - 80 = 0, 411*o = 407*o + h + 55. Give a(o).
21
Let q(b) = 57*b**2 - b**3 + 306*b - 50*b**2 - 311*b. What is q(5)?
25
Let a be 4*14*(21/132 - (-50)/550). Let q(n) be the third derivative of n**6/120 - 7*n**5/30 + n**4/24 - 5*n**3/6 + n**2. What is q(a)?
9
Let v(j) = j + 1. Let c(g) = -4*g + 1. Let k(w) = 6*c(w) + 7*v(w). What is k(-2)?
47
Suppose 2*a + 3*p = 5, 0 = 5*p + 157 - 162. Let j(k) = -4*k + 7. What is j(a)?
3
Let d(p) = -p**3 - 5*p**2 + 7*p + 1. Let q be d(-6). Let y(z) = -3*z**2 + 5*z. Let h(b) = 2 - 1 + 9*b**2 - 10*b - 2*b**2. Let a(u) = 4*h(u) + 9*y(u). Give a(q).
4
Suppose 6*g - 7 = u + 4*g, 0 = -2*u - 5*g + 4. Let r(n) = -n**2 - 6*n - 5. Give r(u).
4
Let r(u) = -u**2 - 7*u + 9. Let b(y) = 22*y + 234. Let s be b(-11). Determine r(s).
1
Let j be 13/(-390)*(-6 - -1). Let l(b) be the third derivative of 0*b - j*b**4 + 1/3*b**3 + 10*b**2 + 1/20*b**5 + 0. Calculate l(2).
6
Let v = 8 - 16. Let s(d) be the first derivative of d**4/4 + 3*d**3 + 5*d**2 + 8*d - 25258. Give s(v).
-8
Let p(a) be the second derivative of -7*a**3/6 - a**2/2 - 20*a. Suppose -3*h + 447 = -5*d - 0*h, -h - 1 = 0. Let u = d - -91. Determine p(u).
-8
Let q(w) = -14*w + 14. Let l be q(9). Let j = -161 - l. Let h = j + 44. Let g(u) = u**2 + 7*u + 3. Give g(h).
-7
Let m(u) = -2*u + 7*u + u - 14 - 5*u. Let s be (-1 + 52/(-28))*21/(-6). What is m(s)?
-4
Let t(n) = -n**3 + 5*n**2 - 5*n + n - 7 + n. Let k be 2/10 + 2/(-10)*-24. Suppose k*h - 8 = 17. What is t(h)?
-22
Let r(o) be the third derivative of -o**5/30 + 7*o**4/12 + o**3/3 + 740*o**2. Determine r(10).
-58
Let a(i) be the first derivative of i**2 - 39*i - 961. Determine a(18).
-3
Let l(p) be the first derivative of p**4/4 + 2*p**3/3 - 3*p**2/2 + 4*p - 15. Let n = 697 - 700. What is l(n)?
4
Let v(t) be the second derivative of t**5/10 - t**4/6 + t**3/3 - 2*t. Let q = -167 + 168. Let n be -1 + -2 + (q - (-4)/1). Give v(n).
12
Let a(w) = -w**2 + 2*w + 2. Let n = 325 - 664. Let h = 344 + n. What is a(h)?
-13
Let r(t) = t - 28. Let a be r(39). Suppose 0 = -6*p + 53 - a. Let q(k) = k**2 - 5*k - 12. Calculate q(p).
2
Let r(v) be the third derivative of -v**5/20 - v**4 - v**3/2 + 3714*v**2. What is r(-8)?
-3
Let k(n) be the first derivative of -n**6/60 - n**5/30 + n**4/24 - n**3/6 + 13*n**2 - 73. Let l(m) be the second derivative of k(m). Calculate l(-2).
5
Let h(n) = 4*n - 20. Let s(q) = -q**2 - 45*q - 499. Let u be s(-22). Give h(u).
8
Let d(k) = k**3 + 3*k - 1. Suppose -21 = -48*t + 53*t + 2*w, 4*w = -5*t - 27. Calculate d(t).
-37
Let s = -35472 - -35463. Let y(a) = a**3 + 10*a**2 + 8*a - 3. Give y(s).
6
Suppose 5*t = 20, 6 = 4*b - 3*t + 2. Let d(g) = g + 10. Let m(f) = f + 7. Let n(p) = 3*d(p) - 4*m(p). Calculate n(b).
-2
Let d = 58 + -90. Suppose -146 = -10*y - 226. Let o be (48/d)/(6/y). Let b(g) = 3*g**2 - g - 2. Determine b(o).
8
Let a(z) = 18*z - 1. Let m(p) = -55*p + 4. Suppose -7 = -3*j - 1. Let g(u) = j*m(u) + 7*a(u). Let f(n) = -n**3 + 18*n**2 - 14*n - 52. Let h be f(17). Give g(h).
-15
Let f(j) = -44*j - 219. Let b be f(-5). Let a(z) = z. Determine a(b).
1
Let m(g) = -272*g**3 + 11*g**2 + 7*g. Let q(w) = -147*w**3 + 6*w**2 + 4*w. Let s(p) = 6*m(p) - 11*q(p). Give s(-2).
124
Let s(d) = -d**3 + 10*d**2 + 11*d - 1. Let v(k) = k**3 + 8*k**2 + 14*k + 6. Suppose -3*m + 26 = 41. Let l be v(m). Calculate s(l).
-1
Let f(k) be the first derivative of -k**4/4 + 2*k**3/3 + 3*k**2/2 + k + 18. Let d be f(3). Let h be 21/(-14)*(1 + d). Let b(n) = -n - 1. Calculate b(h).
2
Let b(h) = h + 2. Suppose 14 + 16 = -5*s. Suppose -4*j = 12 + 12. Let p be 3 + s - (2 - 1)*j. Determine b(p).
5
Let y(j) = j**2 - j - 3. Let x(s) = 8*s**2 - 5*s - 4. Let w(n) = -14*n**2 + 9*n + 8. Let g(v) = 3*w(v) + 5*x(v). Let u(a) = 2*g(a) + 3*y(a). What is u(1)?
-1
Let a be 76/57 - ((-10)/6 - -1). Let q(n) = 2*n**2 - 5*n + 4. Let g be q(a). Let b(u) = 5*u**2 + u + 11*u**2 - g*u**2. Give b(1).
15
Let p be ((-165)/(-10))/(27/18). Let o(s) = s**3 - 10*s**2 - 14*s + 4. Determine o(p).
-29
Let h(c) be the third derivative of c**5/60 + c**4/3 - 5*c**3/6 + 9*c**2 + 10*c. What is h(-7)?
-12
Let f(p) = p**3 - 6*p**2 + 4*p + 3. Suppose -4*c - 39 = -147. Let v(g) = -g**3 + 17*g**2 + 4*g - 36. Let z be v(17). Let y = z - c. What is f(y)?
-2
Let a(p) = 15*p**3 - 2*p**2 + 1. Let i(r) = r**3 + 36*r**2 + 39*r + 141. Let l be i(-35). Calculate a(l).
14
Let q(o) = -o**2 + 6*o + 9. Suppose -c + 14 = 2*k, -6*k - 17 = -4*c - k. Calculate q(c).
-7
Let l(u) = -u**2 - 10*u - 19. Suppose -2*k - 35 = 8*m - 3*m, -3*m = 2*k + 17. Give l(m).
-10
Let u(m) = m**2 - 5*m - 3. Suppose 4*g - l = 107, -4*g - 3*l + 38 + 73 = 0. Suppose 5*b = 18*q - 23*q, -4*q - g = -5*b. Calculate u(b).
-9
Let n(k) = -6*k + 2*k**2 + 0*k - 5*k**2. Let t(g) = -g**3 + 24*g**2 + 100*g - 517. Let b be t(27). What is n(b)?
-24
Let h be ((-6)/(-240)*-2)/((-66)/55). Let r(l) be the third derivative of 0 - 9*l**2 + 0*l - 5/3*l**3 - h*l**4. What is r(-7)?
-3
Let s(w) be the second derivative of -w**5/10 + 8*w**4/3 - w**3/2 + 18*w**2 - 10279*w. What is s(16)?
-12
Let k = -19173 + 57521/3. Let w(v) be the first derivative of v + k*v**3 + 11 + 2*v**2. Give w(-4).
17
Let i(q) be the third derivative of q**7/5040 - q**5/20 - 2*q**2. Let h(o) be the third derivative of i(o). Suppose 26 = -2*v - 5*x, -x + 16 = -5*x. Give h(v).
-3
Let u be (-180)/(95 + -59) - (0 - -7 - 0). Let t(o) = o**3 + 11*o**2 - 6*o - 7. Determine t(u).
-79
Suppose 3*d = -4*f - 116, -f + 0*f = 5*d + 199. Let b = d + 46. Let n(z) = -b*z**3 - 7 - 5*z + 7*z**3 + 4*z**2 + 0*z. What is n(-5)?
-7
Let y be (-30)/315 + (-1640)/(-21). Suppose 8*p + 126 - y = 0. Let a(o) = 2*o + 3. Determine a(p).
-9
Let y = -199 - -202. Let p(b) = 0*b**y - 5 + 9 + 6*b - b**3 - 4*b**2. Determine p(-5).
-1
Let f(o) = o + 5 + 15 + o - 6*o**2 - 8 + o**3. Let x be f(5). Let k(s) = s**3 + 2*s**2 - 4*s - 2. Give k(x).
1
Let f(q) = -q**3 - 4*q**2 + 2*q - 12. Suppose -3*o - n = -3, -2*o = 2*o + 3*n - 9. Suppose -7*b - b - 40 = o. Determine f(b).
3
Suppose -16*m + 6*m = 250. Let f be (m - -17)*6/8. Let w(d) = -d**3 - 5*d**2 + 7*d + 5. What is w(f)?
-1
Let k(l) = l + 22. Suppose -113 = 3*b - 5*y - 30, -2 = y. Give k(b).
-9
Let l(t) = 3*t - 17207*t**2 - 9 + 17208*t**2 - 1 - 3*t. What is l(3)?
-1
Let v(b) = b**2 - 11*b - 12. Suppose 2*c + 16 = 3*p, -4*c + 8 = p - 2*c. Suppose p*r - 19*r - 2691 = 0. Let m be r/(-18) - 2/4. Give v(m).
-12
Suppose 0 = -4*s, 3*s = -b + 3*s + 5*s - 15. Let j(h) = -6*h - 82. What is j(b)?
8
Let p(j) = 4*j**2 - 4 - 53*j + 57*j - j**3 - 2*j**2 - 3. Let l be p(3). Let q(t) = -2*t - 2. Calculate q(l).
6
Let u(t) = 2*t + 0*t**2 + 3*t**3 - 2*t**3 + t**2 - 2*t**2 + 4. Suppose 0 = 4*b - 5*b - 9*v - 9, 2*v + 2 = -3*b. Give u(b).
4
Suppose 4*i - 4 = 2*s, 4*s - 4*i + 4 = -4. Let x(y) = -2*y**3 - 4*y**2 - 4*y - 2. Calculate x(s).
6
Let o be (-11)/(-3) + -1 + (-130)/(-39). Let t(k) = 29*k - 175. Calculate t(o).
-1
Let z(s) = s**2 + 6*s - 2. Let l = 51 - 45. Let m = l - 52. Let a = 41 + m. Determine z(a).
-7
Let i(h) be the first derivative of -h**2 - 1/4*h**4 - 3 - 5/3*h**3 + h. Let c be i(-4). Let j(x) = -2*x - 7. Calculate j(c).
7
Suppose -2646 = -109*g - 121*g + 41*g. Let u(z) = -10*z + 140. Calculate u(g).
0
Let w = -301 - -304. Let b(x) = -5*x**3 + 3*x**2 + 18*x**w - 2 - 3*x - 4*x**3 - 8*x**3. Calc